 (-19 - (8 - 14))?
0
What is -7 + -1 + 1 - (-25 + 8)?
10
Calculate 4 + 4 + -4 + 2 + -13.
-7
What is -1 - (0 - (-1 + 1)) - (42 + -30)?
-13
(2204 - 2201) + (0 - -16 - 0)
19
511 - 515 - (0 + (10 - 1))
-13
What is the value of (-23 - -14) + (0 - 17) + 9?
-17
What is the value of 0 + -4 + (10 - -2) - (-57 + 44)?
21
5 + (2 + (-3 - 4) - (4 - 2))
-2
Evaluate -3989 + 3993 + -13 + 0 + 0.
-9
Calculate 4 - 1 - (-10 + -16 + 23).
6
Evaluate (1 - -10) + -49 + -5 + 33.
-10
What is the value of (23 + (15 - 25) - 17) + -13?
-17
(-42 - -39) + (20 - 4)
13
Calculate -6 + (-35 - -26) + 31.
16
What is -2 + (6 - -2) - (2 + -8 - -9)?
3
Calculate 14 + (-31 - (2 + -8)).
-11
Evaluate (29 - 0) + (-2 - ((-49 - -25) + 14)).
37
Evaluate 3 + -1 + 2 + (-15 - -29) + -13.
5
Evaluate (2 - (32 + -10 - (-2 + -2))) + 5.
-19
What is 4 + (-2 - 0) + (1 - -1)?
4
Evaluate (4 - 4) + 1 + 5.
6
Calculate 0 - (3 - -1) - (1 + 32 - 52).
15
What is the value of (24 - 27) + -18 - 6?
-27
Calculate -77 + 66 + 0 + 4 + 2 + -16.
-21
What is 4 - (11 + -1) - 4?
-10
237 + -207 + -21 + 0
9
Calculate -11 - ((3 - 1) + (-7 - (12 + -11))).
-5
Evaluate 21 + -34 + 15 + -22.
-20
Calculate -13 - (-9 + 12 + -15 - 0).
-1
Calculate 24 + -3 + (-32 - -33) + -5.
17
-31 - -29 - -5 - 5
-2
Evaluate -1 - ((2 - (-7 + 13)) + 29 + 10).
-36
(8 - 1) + 54 + -73 + 5 + -1
-8
-11 + (-4 - -5 - -8) + -9
-11
-5 + 13 + 2 + 5 + (-10 - -3)
8
Calculate 8 + -4 + -24 + -49 + 58.
-11
What is (21 - 21) + -2 - -6?
4
(0 - -2 - 5) + -3 + 0 - -7
1
What is 5 + -1 + -16 + (3 - (-11 + 6))?
-4
Evaluate -3 + (-10 - 0) + 258 + -248 - -18.
15
What is (-2 - -1) + (-21 + 5 + 9 - -22)?
14
What is the value of (-1 - -1) + -3 + 21 - (-82 - -73)?
27
Calculate -5 - -1 - -3 - (9 - 3).
-7
Calculate -6 + (5 - (-3 + 0 + 8)) + 1.
-5
Calculate -14 - -19 - (-14 + 12).
7
-5 + (7 - 6) + 10
6
(-3 - -1) + (21 - 4) + -2
13
Evaluate (13 - 24 - 20) + 22.
-9
What is the value of -3 + (-5 + (-2 - -10) - -1)?
1
0 + -13 - ((67 - 31) + -37)
-12
Calculate (24 - 8) + -17 + 2.
1
What is 1 + 19 - (3 - (-14 + (-10 - -16)))?
9
What is (1 - 5 - (1 - 3)) + (-34 - -37)?
1
What is 4 + 7 + -3 + -10 + 4?
2
Calculate 6 + (-2 - (6 + (0 - 6 - -3))).
1
What is the value of (13 - (-15 - (10 + -49))) + 9 + 1?
-1
What is the value of 3 + -8 + (5 - 8) - (-12 - -10)?
-6
What is the value of -14 + (-17 - -16) + 18 - (2 - -22)?
-21
-6 + -1 + 15 + -9
-1
(43 - (7 + -2)) + -22
16
(-44 - -38) + -7 + -3 + -2
-18
What is the value of -8 + (7 - (15 + -21)) + -9 + -2?
-6
Calculate (2 - (-10 - 2)) + -10 - (-8 - -3).
9
What is -7 - (2 - 13 - (-10 + -7 + 5))?
-8
What is the value of 3 + -5 + 7 - (-5 + 3 + -4)?
11
Evaluate 34 - 50 - (-11 - 14).
9
What is the value of -49 + 39 - (-15 + 1)?
4
3 - (-1 + 0 - (43 + -39 - 16))
-8
-1 + -5 - (14 + (-23 - 8))
11
-21 + -1 + -30 + 33
-19
What is the value of (-7 - (-23 + 24)) + -4?
-12
Evaluate 8 + (-1 - -2) + (-17 - 0 - -10).
2
What is -11 - (2 - (19 + -7 + -1))?
-2
-3 - 0 - (11 + 0) - (-149 - -142)
-7
Evaluate -3 + 6 + (36 + -22 - (3 + -3)).
17
What is the value of -4 - (-5 + -9 + 7)?
3
Calculate -3 - -4 - (7 + 1) - 0.
-7
Evaluate (-4 - (7 + -22)) + (-8 - -5).
8
-6 - (-25 - (2 - 6))
15
What is the value of -13 + (-16 - -12 - -5) + 5?
-7
Calculate 25 - 27 - (-1 + 1).
-2
Calculate -32 - (14 + (16 - 46)).
-16
Calculate -5 - ((-54 - -67) + -1 + -5 + 5).
-17
What is the value of 4 + (3 - 2) + (23 - 34) - 6?
-12
What is the value of 11 + (1 - 0) - (9 + -9 + -6)?
18
2 - (1 + -3) - 12
-8
Calculate 11 + (2 - 0 - (-4 - -13 - 8)).
12
Evaluate -6 - (-60 - (-30 + 7)).
31
13 - 17 - (-1 + -3 + 18 - 5)
-13
What is the value of 91 + -92 - (0 + 14 - (-9 + 11))?
-13
Evaluate 0 + 5 + -35 + 36.
6
Evaluate 17 - (-12 - (10 + -4 + -1)).
34
What is the value of 1 - (-7 + 3) - (211 - 199)?
-7
30 - ((-8 - 0) + 19 + 0 + -3)
22
9 + -15 - ((-1 + 7 - 1) + -5)
-6
What is 0 + -10 - (10 + 2 + -22 + 9)?
-9
Calculate -330 + 336 - (7 - (0 + 1)).
0
(1 - -16) + 52 + -32 - 11
26
-6 - (0 + 0 + 24 + 6)
-36
(-24 - -1) + (-13 - 6 - -25)
-17
-2 - (9 + -1 + -8 + -10)
8
What is the value of 148 - 152 - (-1 + -8)?
5
What is -11 + 17 + -52 + -6 - -17?
-35
What is 91 - (44 - -31) - (0 - (-9 + 0))?
7
What is (-38 - -83 - 9) + -48?
-12
What is -4 - (-5 + 13 + -3)?
-9
What is (-16 - -21) + (0 - (-6 + (5 - 1)))?
7
Evaluate (-1 - 4) + -1 - (-42 - -52).
-16
What is -8 - (-14 + -5) - 26?
-15
11 - (-4 - -12) - -4
7
Evaluate (17 - 1) + -14 + (-29 - -37).
10
Calculate -6 - (49 - (11 + 19)).
-25
-9 - (8 - (26 - (10 + -15)))
14
Calculate (5 - 10) + (-2 + -4 - (-17 - -24)).
-18
Evaluate (6 + 1 - 12) + -1 - 4.
-10
Evaluate (-26 - 2) + (177 - 171).
-22
2 + 0 + -4 + 15
13
What is -15 + (7 - (2 - 14)) + -16?
-12
What is (-26 - (-38 - 5)) + -30?
-13
2 + 18 + -16 + -6
-2
What is the value of 10 + (1 - (-7 - -2) - -1 - 7)?
10
What is (1 - 6) + (-5 - 6) + 2 + -5?
-19
What is the value of -8 + (89 + -74 - (-7 - 0))?
14
Evaluate 2 + (-4 - 4) + 3 + 3.
0
What is the value of 1 + (1 - 2 - 7) + -264 + 289?
18
Calculate (-7 - (-2 - 2)) + 3.
0
Evaluate -40 + 23 - (-9 - 4).
-4
What is 6 + 7 + (-8 - (-9 - -16 - 15))?
13
Evaluate 2 + -10 - ((-19 - -2) + -4 - -5).
8
-25 + 17 + (1 - 10)
-17
1 + 7 + 1 + -1347 + 1361
23
Calculate -37 + (-30 - -27) + 74.
34
What is the value of -7 + 18 + (-1 - 7) + -9?
-6
-16 + (14 + -8 + 3 - 6)
-13
Calculate (17 - 14 - 4) + -45 - -14.
-32
Calculate -20 + 19 - (-18 - ((-3 - -2) + -2)).
14
Evaluate (-1 - -9) + (24 - 20) - (11 + -5).
6
0 + -6 + (5 - -7 - -5) + 6
17
Calculate 12 + -14 + (-5 - (-2 + 5) - 0).
-10
What is -8 - -37 - 16 - 5?
8
6 - (7 + -4 + 1 + (-77 - -44))
35
Calculate 25 - (-13 - -21) - -13.
30
Evaluate (14 + -68 - -68) + (-1 - 4).
9
(-1 - 16) + (-61 - -94) - 6
10
Evaluate 28 - (16 + -18 + 13).
17
-13 + (6 - 12) - (1 + -6)
-14
(64 - 22) + -49 - (1 + -13 + 0)
5
What is (5 - 49) + (6 - (-10 - -3))?
-31
Evaluate ((-2 - -2) + -41 - -18) + 7.
-16
Evaluate (12 - (43 - 42)) + -39.
-28
Evaluate 12 - (4 + 12 + 1 - 8) - -4.
7
What is the value of -24 + -7 + 11 + 17?
-3
Calculate 12 + -10 + (-6 - -4) - 3.
-3
What is the value of (139 - 139) + (0 - -3)?
3
Calculate -3 + -31 + 45 + -37.
-26
Calculate 48 - 77 - -24 - (-21 - 1).
17
What is the value of -7 + (7 - 7) + 19 - 3?
9
What is the value of 8 + 15 + -5 + -18?
0
What is the value of 5 - (0 - (14 + -22))?
-3
Calculate -13 + (-6 - 14) + -3.
-36
Evaluate -2 + 9 + -6 + 3.
4
Evaluate 12 - ((167 - 178) + (23 - 1)).
1
2 + 8 + 2 - (-58 + 51)
19
8 + -10 + -31 + 59
26
Evaluate -1 - ((-17 - -24) + -7).
-1
(0 - (-7 - -5)) + -9 + 8
1
What is 10 - (-15 + (39 - 24))?
10
What is the value of 8 + 1 - (69 + -78 + -1 + 8)?
11
Calculate (-165 - -145) + 1 + 30.
11
Calculate -23 - (-77 + 25) - 40.
-11
Calculate 2 - (9 + -4 + -2).
-1
Evaluate 14 - (-12 + 48 - (0 + 6)).
-16
Calculate (0 - -9) + 58 + -55 + -16.
-4
(16 + -4 - 12) + -15
-15
Calculate 2 + 27 + (10 - 0 - 4 - 9).
26
What is the value of (-2 - -12) + -13 + (2 - 8)?
-9
Calculate (14 - (-7 + 1)) + -4.
16
Evaluate (-5 - (3 - 3) - -7) + 4.
6
Evaluate -20 - (10 - (-1 + 6)) - (-5 - 0).
-20
1 + (3 - 0) + -5 + 8
7
What is (-5 - -3) + -2 + -13 + (-17 - -11)?
-23
-35 - (-5 - 13) - -27
10
Evaluate (11 - -4) + (19 - 47).
-13
11 - (4 + (15 - 8))
0
What is the value of 17 + (-57 + (-3 - 3) - -17)?
-29
Calculate (-12 + 9 - -9 - -9) + -3.
12
What is -2 - -5 - (-27 - -22)?
8
What is -2 + (-3 - (-1 - (-13 - 4 - -5)))?
-16
Evaluate ((-13 - -21) + (8 - 8) - -36) + -6.
38
What is -10 + 17 + -4 - (-3 + 6 + -4)?
4
Calculate -13 + 8 + (-16 + 11 - 7).
-17
What is 10 + -20 + 3 + -3?
-10
-9 + 0 + -1 + (-30 - -25)
-15
What is the value of -30 + 25 + (0 - 12) + 0 + -9?
-26
What is the value of (-39 + 42 - (-2 + 2 - -9)) + -6?
-12
What is -2 + 26 - (-2 - (-10 - 3))?
13
What is the value of 44 + (-45 - (-29 - -48))?
-20
What is the value of (-10 - (13 + -8)) + 4?
-11
Calculate (2 - 18) + (7 - (5 - 5 - -5)).
-14
Calculate -5 + (18 - (-5 - -11)) + (40 - 30).
17
What is the value of 6 + -7 + (7 - 0) + 1?
7
What is the value of (1 - (4 + -5) - 10) + 3?
-5
Evaluate (-3 + 1 - -1 - -4) + 6 + 3.
12
Evaluate (-11 - -5) + 4 + -5 + (12 - 19).
-14
Calculate -20 + -2 + (391 - 391).
-22
What is 16 - (-7 - (-19 + 5 + 3))?
12
What is the value of (-3 - (-9 + 5 + 3)) + -2 + -9?
-13
Calculate -14 - (-3 - 0) - (0 - 1).
-10
5 - (11 - 12 - (5 - -7))
18
-24 + 29 - (-3 + (-2 - (-10 